{"id":59,"date":"2019-06-28T16:02:09","date_gmt":"2019-06-28T14:02:09","guid":{"rendered":"https:\/\/fgvt.htwsaar.de\/site\/?page_id=59"},"modified":"2019-09-05T13:25:35","modified_gmt":"2019-09-05T11:25:35","slug":"auftragsforschung","status":"publish","type":"page","link":"https:\/\/fgvt.htwsaar.de\/site\/auftragsforschung\/","title":{"rendered":"Auftragsforschung"},"content":{"rendered":"\n<h3 class=\"wp-block-heading\"><strong>IMAGinE &#8211; L\u00f6sungen f\u00fcr kooperatives Fahren (2016-2020)<\/strong><\/h3>\n\n\n\n<div class=\"wp-block-image\"><figure class=\"aligncenter is-resized\"><img loading=\"lazy\" decoding=\"async\" src=\"https:\/\/fgvt.htwsaar.de\/site\/wp-content\/uploads\/2019\/09\/imagine_logo_de-1024x406.jpg\" alt=\"\" class=\"wp-image-579\" width=\"400\" height=\"154\"\/><\/figure><\/div>\n\n\n\n<p><strong>PROJEKTPROFIL<\/strong><\/p>\n\n\n\n<p>&#8222;Das Verbundprojekt IMAGinE (<strong>I<\/strong>ntelligente&nbsp;<strong>M<\/strong>an\u00f6ver&nbsp;<strong>A<\/strong>utomatisierung &#8211; kooperative&nbsp;<strong>G<\/strong>efahrenvermeidung&nbsp;<strong>in E<\/strong>chtzeit) entwickelt innovative Assistenzsysteme f\u00fcr kooperatives Fahren. Kooperatives Fahren meint ein Verhalten im&nbsp; Stra\u00dfenverkehr, bei dem Verkehrsteilnehmer Fahrman\u00f6ver gemeinsam planen und umsetzen. Durch den automatischen Informationsaustausch zwischen Fahrzeugen und Infrastruktur wird das eigene Fahrverhalten mit anderen abgestimmt und an die Gesamtsituation angepasst. Kritische Situationen k\u00f6nnen vermieden oder entsch\u00e4rft werden \u2013 das Fahren wird sicherer und effizienter.&#8220; (vgl.&nbsp;<a href=\"https:\/\/imagine-online.de\/home\/\">IMAGinE)<\/a><\/p>\n\n\n\n<p>Die Forschungsgruppe Verkehrstelematik arbeitet im Unterauftrag von <a rel=\"noreferrer noopener\" href=\"https:\/\/mobil.hessen.de\/\" target=\"_blank\">Hessen Mobil &#8211; Stra\u00dfen- und Verkehrsmanagement<\/a>.<\/p>\n\n\n\n<p>Weitere Informationen finden Sie auf der offiziellen Homepage von <a href=\"https:\/\/imagine-online.de\/home\/\">IMAGinE<\/a>.<\/p>\n\n\n\n<hr class=\"wp-block-separator\"\/>\n","protected":false},"excerpt":{"rendered":"<p>IMAGinE &#8211; L\u00f6sungen f\u00fcr kooperatives Fahren (2016-2020) PROJEKTPROFIL &#8222;Das Verbundprojekt IMAGinE (Intelligente&nbsp;Man\u00f6ver&nbsp;Automatisierung &#8211; kooperative&nbsp;Gefahrenvermeidung&nbsp;in Echtzeit) entwickelt innovative Assistenzsysteme f\u00fcr kooperatives Fahren. Kooperatives Fahren meint ein Verhalten im&nbsp; Stra\u00dfenverkehr, bei dem Verkehrsteilnehmer Fahrman\u00f6ver gemeinsam planen und umsetzen. Durch den automatischen Informationsaustausch zwischen Fahrzeugen und Infrastruktur wird das eigene Fahrverhalten mit anderen [&hellip;]<\/p>\n","protected":false},"author":1,"featured_media":0,"parent":0,"menu_order":0,"comment_status":"closed","ping_status":"closed","template":"","meta":{"footnotes":""},"class_list":["post-59","page","type-page","status-publish","hentry"],"_links":{"self":[{"href":"https:\/\/fgvt.htwsaar.de\/site\/wp-json\/wp\/v2\/pages\/59","targetHints":{"allow":["GET"]}}],"collection":[{"href":"https:\/\/fgvt.htwsaar.de\/site\/wp-json\/wp\/v2\/pages"}],"about":[{"href":"https:\/\/fgvt.htwsaar.de\/site\/wp-json\/wp\/v2\/types\/page"}],"author":[{"embeddable":true,"href":"https:\/\/fgvt.htwsaar.de\/site\/wp-json\/wp\/v2\/users\/1"}],"replies":[{"embeddable":true,"href":"https:\/\/fgvt.htwsaar.de\/site\/wp-json\/wp\/v2\/comments?post=59"}],"version-history":[{"count":4,"href":"https:\/\/fgvt.htwsaar.de\/site\/wp-json\/wp\/v2\/pages\/59\/revisions"}],"predecessor-version":[{"id":584,"href":"https:\/\/fgvt.htwsaar.de\/site\/wp-json\/wp\/v2\/pages\/59\/revisions\/584"}],"wp:attachment":[{"href":"https:\/\/fgvt.htwsaar.de\/site\/wp-json\/wp\/v2\/media?parent=59"}],"curies":[{"name":"wp","href":"https:\/\/api.w.org\/{rel}","templated":true}]}}