{"id":2300,"date":"2022-02-22T12:00:27","date_gmt":"2022-02-22T11:00:27","guid":{"rendered":"https:\/\/fgvt.htwsaar.de\/site\/?page_id=2300"},"modified":"2023-04-18T14:03:05","modified_gmt":"2023-04-18T12:03:05","slug":"gaia-x-4ams-2021-2024-2","status":"publish","type":"page","link":"https:\/\/fgvt.htwsaar.de\/site\/gaia-x-4ams-2021-2024-2\/","title":{"rendered":"GaiaX-4-AMS (2021-2024)"},"content":{"rendered":"\n<h3 class=\"wp-block-heading\" id=\"da-ten-zen-trier-te-lo-sun-gen-fur-die-mo-bi-li-tat-der-zu-kunft\"><strong>Da\u00adten\u00adzen\u00adtrier\u00adte L\u00f6\u00adsun\u00adgen f\u00fcr die Mo\u00adbi\u00adli\u00adt\u00e4t der Zu\u00adkunft<\/strong><\/h3>\n\n\n\n<div class=\"wp-block-columns is-layout-flex wp-container-core-columns-is-layout-28f84493 wp-block-columns-is-layout-flex\">\n<div class=\"wp-block-column is-layout-flow wp-block-column-is-layout-flow\">\n<figure class=\"wp-block-image size-large is-resized\"><img loading=\"lazy\" decoding=\"async\" src=\"https:\/\/fgvt.htwsaar.de\/site\/wp-content\/uploads\/2023\/04\/Kombi-Logo-EU-BMWK-1024x576.png\" alt=\"\" class=\"wp-image-2839\" width=\"688\" height=\"387\" srcset=\"https:\/\/fgvt.htwsaar.de\/site\/wp-content\/uploads\/2023\/04\/Kombi-Logo-EU-BMWK-1024x576.png 1024w, https:\/\/fgvt.htwsaar.de\/site\/wp-content\/uploads\/2023\/04\/Kombi-Logo-EU-BMWK-300x169.png 300w, https:\/\/fgvt.htwsaar.de\/site\/wp-content\/uploads\/2023\/04\/Kombi-Logo-EU-BMWK-768x432.png 768w, https:\/\/fgvt.htwsaar.de\/site\/wp-content\/uploads\/2023\/04\/Kombi-Logo-EU-BMWK.png 1280w\" sizes=\"auto, (max-width: 688px) 100vw, 688px\" \/><\/figure>\n<\/div>\n\n\n\n<div class=\"wp-block-column is-layout-flow wp-block-column-is-layout-flow\">\n<figure class=\"wp-block-image size-full is-resized\"><img loading=\"lazy\" decoding=\"async\" src=\"https:\/\/fgvt.htwsaar.de\/site\/wp-content\/uploads\/2022\/02\/Gaia-X-Logo-1.jpg\" alt=\"\" class=\"wp-image-2391\" width=\"354\" height=\"251\"\/><\/figure>\n<\/div>\n<\/div>\n\n\n\n<div class=\"wp-block-columns is-layout-flex wp-container-core-columns-is-layout-28f84493 wp-block-columns-is-layout-flex\">\n<div class=\"wp-block-column is-layout-flow wp-block-column-is-layout-flow\" style=\"flex-basis:100%\"><\/div>\n<\/div>\n\n\n\n<p>Die Digitalisierung schafft mit hohem Tempo neue Entwicklungen \u2013 auch und gerade im Bereich der Mobilit\u00e4t. Besondere Aufmerksamkeit liegt dabei auf der Sicherheit, Zuverl\u00e4ssigkeit und Verf\u00fcgbarkeit der Systeme. \u201eGAIA-X 4 Future Mobility\u201c bietet den Rahmen f\u00fcr bisher f\u00fcnf Projekte, bei denen datenzentrierte Anwendungen im Mittelpunkt stehen. <\/p>\n\n\n\n<p>Das gemeinsame Ziel ist die Entwicklung von Anwendungen, bei denen eine enge Vernetzung von Nutzern, Dienstleistern, Herstellern und Zulieferern besonders wichtig ist. In den einzelnen Projekten geht es unter anderem um eine intelligente Verkehrsinfrastruktur, den Produktlebenszyklus oder digitale Zwillinge im Zusammenhang mit dem automatisierten Fahren. <\/p>\n\n\n\n<blockquote class=\"wp-block-quote is-layout-flow wp-block-quote-is-layout-flow\">\n<p>\u201eDie zunehmende Digitalisierung aller gesellschaftlichen Bereiche er\u00f6ffnet uns v\u00f6llig neue M\u00f6glichkeiten. Europa schafft mit dem Aufbau von GAIA-X eine leistungs- und wettbewerbsf\u00e4hige, sichere und vertrauensw\u00fcrdige Dateninfrastruktur\u201c, sagt Prof. Dr.-Ing. Anke Kaysser-Pyzalla, Vorstandsvorsitzende des DLR. <\/p>\n\n\n\n<p>\u201eDas DLR engagiert sich im Bereich der Mobilit\u00e4t. Die Erfahrungen aus 30 Jahren Mobilit\u00e4tsforschung sowie der interdisziplin\u00e4re Ansatz mit der engen Verzahnung von Luft- und Raumfahrt, Energie- und Verkehrsforschung und insbesondere der Digitalisierung schaffen daf\u00fcr ideale Voraussetzungen.\u201c<\/p>\n<\/blockquote>\n\n\n\n<figure class=\"wp-block-embed is-type-video is-provider-youtube wp-block-embed-youtube wp-embed-aspect-16-9 wp-has-aspect-ratio\"><div class=\"wp-block-embed__wrapper\">\n<iframe loading=\"lazy\" title=\"What is Gaia-X DE\" width=\"750\" height=\"422\" src=\"https:\/\/www.youtube.com\/embed\/8flz4zZtP60?list=PLx9hLnO5yRKDi_6NQ9X_MclZTSjgt4EcT\" frameborder=\"0\" allow=\"accelerometer; autoplay; clipboard-write; encrypted-media; gyroscope; picture-in-picture; web-share\" allowfullscreen><\/iframe>\n<\/div><\/figure>\n\n\n\n<p>Innovative und zukunftsweisende Fahrzeug- und Mobilit\u00e4tstechnologien, insbesondere Automatisierung und Vernetzung, sind in hohem Ma\u00dfe auf sichere, zuverl\u00e4ssige und gleichzeitig flexible Daten und Dienste-Strukturen angewiesen. Sicherheitskritische Systeme im Besonderen stellen hohe Anforderungen an die Souver\u00e4nit\u00e4t, Verf\u00fcgbarkeit und Echtzeitf\u00e4higkeit der zugrundeliegenden digitalen Infrastruktur. Ein umfassendes System, das diese Anforderung jederzeit erf\u00fcllt, ist kritisch f\u00fcr die Einf\u00fchrung neuer, digitaler Mobilit\u00e4tskonzepte.<\/p>\n\n\n<div class=\"wp-block-image\">\n<figure class=\"aligncenter size-full is-resized\"><img loading=\"lazy\" decoding=\"async\" src=\"https:\/\/fgvt.htwsaar.de\/site\/wp-content\/uploads\/2022\/02\/6.png\" alt=\"\" class=\"wp-image-2402\" width=\"588\" height=\"151\" srcset=\"https:\/\/fgvt.htwsaar.de\/site\/wp-content\/uploads\/2022\/02\/6.png 690w, https:\/\/fgvt.htwsaar.de\/site\/wp-content\/uploads\/2022\/02\/6-300x77.png 300w\" sizes=\"auto, (max-width: 588px) 100vw, 588px\" \/><\/figure>\n<\/div>\n\n\n<p><strong>GAIA-X4AMS<\/strong> verfolgt das <strong>Ziel<\/strong> der Umsetzung innovativer, sicherheitskritischer Mobilit\u00e4tskonzepte auf der Grundlage des Daten- und Dienste-\u00d6kosystems GAIA-X. Es soll aufgezeigt werden, welche Komponenten in GAIA-X aufgebaut und erweitert werden m\u00fcssen, um bislang getrennte Verkehrsdom\u00e4nen technologisch miteinander zu verkn\u00fcpfen. Der Fokus liegt dabei auf der Vernetzung und Kooperation automatisierter Fahrzeuge mit dem umgebenden Gesamtverkehrssystem mit besonderem Blick auf das Gesetz zum automatisierten Fahren. \u00dcber die Vernetzung verschiedener relevanter Akteure und den Aufbau eines sicheren und souver\u00e4nen Datensystems soll die Verkehrssicherheit sowie die Effizienz und Transparenz des Verkehrssystems erh\u00f6ht werden.<\/p>\n\n\n\n<h3 class=\"wp-block-heading\" id=\"durchfuhrung\">Durchf\u00fchrung<\/h3>\n\n\n\n<ul class=\"wp-block-list\">\n<li>Erarbeitung und Umsetzung zweier Use Cases, anhand derer die spezifischen Anforderungen des automatisierten und vernetzten Fahrens an GAIA-X<\/li>\n\n\n\n<li>Use Case &#8222;Sichere Koordination von autonomen Fahrzeugen (SIKAF)\u201c:\n<ul class=\"wp-block-list\">\n<li>Schaffung eines GAIA-X konformen Datenraums der den sicheren Betrieb autonomer Fahrzeuge erlaubt<\/li>\n\n\n\n<li>enth\u00e4lt Informationen zu Gebieten, in denen das autonome Fahren nicht uneingeschr\u00e4nkt m\u00f6glich ist, und stellt diese sicher und fr\u00fchzeitig f\u00fcr das Fahrzeug bereit<\/li>\n<\/ul>\n<\/li>\n\n\n\n<li>Use Case &#8222;Intelligenter und Vernetzter Rettungskorridor (ReKo)\u201c:\n<ul class=\"wp-block-list\">\n<li>beschreibt die intelligente Vernetzung und Koordination von Verkehrsteilnehmern und Infrastruktur am Beispiel der Bildung einer Rettungsgasse<\/li>\n\n\n\n<li>f\u00fcr eine sichere und effiziente Mobilit\u00e4t von Einsatzfahrzeugen <\/li>\n<\/ul>\n<\/li>\n<\/ul>\n\n\n\n<h3 class=\"wp-block-heading\" id=\"verbundkoordinator\">Verbundkoordinator<\/h3>\n\n\n\n<p>T-Systems<\/p>\n\n\n\n<h3 class=\"wp-block-heading\" id=\"projektpartner\">Projektpartner<\/h3>\n\n\n\n<p>Afusoft<\/p>\n\n\n\n<p>Deutsches Zentrum f\u00fcr Luft- und Raumfahrt (DLR)<\/p>\n\n\n\n<p>Altran<\/p>\n\n\n\n<p>Bernard Gruppe<\/p>\n\n\n\n<p>Kroschke<\/p>\n\n\n\n<p>Consider-IT<\/p>\n\n\n\n<p>Temic<\/p>\n\n\n\n<p>Fraunhofer<\/p>\n\n\n\n<p>Software AG<\/p>\n\n\n\n<p>Peregrine Technologies<\/p>\n\n\n\n<p>Stadt Braunschweig<\/p>\n\n\n\n<p>Technische Hochschule Ingolstadt<\/p>\n\n\n\n<p>Zeppelin Universit\u00e4t<\/p>\n\n\n\n<p>Elektra Solar<\/p>\n\n\n\n<div class=\"wp-block-columns is-layout-flex wp-container-core-columns-is-layout-28f84493 wp-block-columns-is-layout-flex\">\n<div class=\"wp-block-column is-layout-flow wp-block-column-is-layout-flow\"><\/div>\n<\/div>\n\n\n\n<div class=\"wp-block-columns is-layout-flex wp-container-core-columns-is-layout-28f84493 wp-block-columns-is-layout-flex\">\n<div class=\"wp-block-column is-layout-flow wp-block-column-is-layout-flow\"><\/div>\n\n\n\n<div class=\"wp-block-column is-layout-flow wp-block-column-is-layout-flow\"><\/div>\n<\/div>\n\n\n\n<div class=\"wp-block-columns is-layout-flex wp-container-core-columns-is-layout-28f84493 wp-block-columns-is-layout-flex\">\n<div class=\"wp-block-column is-layout-flow wp-block-column-is-layout-flow\"><\/div>\n\n\n\n<div class=\"wp-block-column is-layout-flow wp-block-column-is-layout-flow\"><\/div>\n<\/div>\n\n\n\n<div class=\"wp-block-columns is-layout-flex wp-container-core-columns-is-layout-28f84493 wp-block-columns-is-layout-flex\">\n<div class=\"wp-block-column is-layout-flow wp-block-column-is-layout-flow\"><\/div>\n\n\n\n<div class=\"wp-block-column is-layout-flow wp-block-column-is-layout-flow\"><\/div>\n<\/div>\n\n\n\n<div class=\"wp-block-columns is-layout-flex wp-container-core-columns-is-layout-28f84493 wp-block-columns-is-layout-flex\">\n<div class=\"wp-block-column is-layout-flow wp-block-column-is-layout-flow\"><\/div>\n\n\n\n<div class=\"wp-block-column is-layout-flow wp-block-column-is-layout-flow\"><\/div>\n<\/div>\n\n\n\n<div class=\"wp-block-columns is-layout-flex wp-container-core-columns-is-layout-28f84493 wp-block-columns-is-layout-flex\">\n<div class=\"wp-block-column is-layout-flow wp-block-column-is-layout-flow\"><\/div>\n\n\n\n<div class=\"wp-block-column is-layout-flow wp-block-column-is-layout-flow\"><\/div>\n<\/div>\n\n\n\n<div class=\"wp-block-columns is-layout-flex wp-container-core-columns-is-layout-28f84493 wp-block-columns-is-layout-flex\">\n<div class=\"wp-block-column is-layout-flow wp-block-column-is-layout-flow\"><\/div>\n\n\n\n<div class=\"wp-block-column is-layout-flow wp-block-column-is-layout-flow\"><\/div>\n<\/div>\n\n\n\n<div class=\"wp-block-columns is-layout-flex wp-container-core-columns-is-layout-28f84493 wp-block-columns-is-layout-flex\">\n<div class=\"wp-block-column is-layout-flow wp-block-column-is-layout-flow\"><\/div>\n\n\n\n<div class=\"wp-block-column is-layout-flow wp-block-column-is-layout-flow\"><\/div>\n<\/div>\n\n\n\n<h3 class=\"wp-block-heading\" id=\"projektlaufzeit\">Projektlaufzeit<\/h3>\n\n\n\n<p>Dezember <strong>2021<\/strong>&#8211; September <strong>2024<\/strong><\/p>\n\n\n\n<h3 class=\"wp-block-heading\" id=\"projektvolumen\">Projektvolumen<\/h3>\n\n\n\n<p>20,8 Mio. \u20ac<br>(davon 72 % F\u00f6rderanteil durch BMWK)<\/p>\n\n\n\n<p><strong>offizielle Pressemitteilung &amp; mehr Informationen:<\/strong><\/p>\n\n\n\n<p><a href=\"https:\/\/www.dlr.de\/content\/de\/artikel\/news\/2022\/01\/20220125_datenzentrierte-loesungen-fuer-die-mobilitaet-der-zukunft.html\">https:\/\/www.dlr.de\/content\/de\/artikel\/news\/2022\/01\/20220125_datenzentrierte-loesungen-fuer-die-mobilitaet-der-zukunft.html<\/a><\/p>\n\n\n\n<p><a href=\"https:\/\/www.gaia-x4futuremobility.dlr.de\/\">https:\/\/www.gaia-x4futuremobility.dlr.de\/<\/a><\/p>\n","protected":false},"excerpt":{"rendered":"<p>Da\u00adten\u00adzen\u00adtrier\u00adte L\u00f6\u00adsun\u00adgen f\u00fcr die Mo\u00adbi\u00adli\u00adt\u00e4t der Zu\u00adkunft Die Digitalisierung schafft mit hohem Tempo neue Entwicklungen \u2013 auch und gerade im Bereich der Mobilit\u00e4t. Besondere Aufmerksamkeit liegt dabei auf der Sicherheit, Zuverl\u00e4ssigkeit und Verf\u00fcgbarkeit der Systeme. \u201eGAIA-X 4 Future Mobility\u201c bietet den Rahmen f\u00fcr bisher f\u00fcnf Projekte, bei denen datenzentrierte Anwendungen [&hellip;]<\/p>\n","protected":false},"author":2,"featured_media":0,"parent":0,"menu_order":0,"comment_status":"closed","ping_status":"closed","template":"","meta":{"footnotes":""},"class_list":["post-2300","page","type-page","status-publish","hentry"],"_links":{"self":[{"href":"https:\/\/fgvt.htwsaar.de\/site\/wp-json\/wp\/v2\/pages\/2300","targetHints":{"allow":["GET"]}}],"collection":[{"href":"https:\/\/fgvt.htwsaar.de\/site\/wp-json\/wp\/v2\/pages"}],"about":[{"href":"https:\/\/fgvt.htwsaar.de\/site\/wp-json\/wp\/v2\/types\/page"}],"author":[{"embeddable":true,"href":"https:\/\/fgvt.htwsaar.de\/site\/wp-json\/wp\/v2\/users\/2"}],"replies":[{"embeddable":true,"href":"https:\/\/fgvt.htwsaar.de\/site\/wp-json\/wp\/v2\/comments?post=2300"}],"version-history":[{"count":21,"href":"https:\/\/fgvt.htwsaar.de\/site\/wp-json\/wp\/v2\/pages\/2300\/revisions"}],"predecessor-version":[{"id":2860,"href":"https:\/\/fgvt.htwsaar.de\/site\/wp-json\/wp\/v2\/pages\/2300\/revisions\/2860"}],"wp:attachment":[{"href":"https:\/\/fgvt.htwsaar.de\/site\/wp-json\/wp\/v2\/media?parent=2300"}],"curies":[{"name":"wp","href":"https:\/\/api.w.org\/{rel}","templated":true}]}}