{"id":196,"date":"2019-07-08T08:56:30","date_gmt":"2019-07-08T06:56:30","guid":{"rendered":"https:\/\/fgvt.htwsaar.de\/site\/?page_id=196"},"modified":"2021-07-09T10:27:28","modified_gmt":"2021-07-09T08:27:28","slug":"c-mobile-2017-2021","status":"publish","type":"page","link":"https:\/\/fgvt.htwsaar.de\/site\/c-mobile-2017-2021\/","title":{"rendered":"C-MobILE (2017-2021)"},"content":{"rendered":"\n<div class=\"wp-block-image\"><figure class=\"aligncenter size-large is-resized\"><img loading=\"lazy\" decoding=\"async\" src=\"https:\/\/fgvt.htwsaar.de\/site\/wp-content\/uploads\/2020\/03\/C-MOBILE_LOGO_MASTER_CMYK.jpg\" alt=\"\" class=\"wp-image-1374\" width=\"258\" height=\"219\" srcset=\"https:\/\/fgvt.htwsaar.de\/site\/wp-content\/uploads\/2020\/03\/C-MOBILE_LOGO_MASTER_CMYK.jpg 921w, https:\/\/fgvt.htwsaar.de\/site\/wp-content\/uploads\/2020\/03\/C-MOBILE_LOGO_MASTER_CMYK-300x254.jpg 300w, https:\/\/fgvt.htwsaar.de\/site\/wp-content\/uploads\/2020\/03\/C-MOBILE_LOGO_MASTER_CMYK-768x650.jpg 768w\" sizes=\"auto, (max-width: 258px) 100vw, 258px\" \/><\/figure><\/div>\n\n\n\n<h2 class=\"wp-block-heading\">C-MobILE &#8211;&nbsp;<\/h2>\n\n\n\n<h2 class=\"wp-block-heading\"><strong>Beschleunigung der Innovation und des Einsatzes von C-ITS-Mobilit\u00e4t in Europa<\/strong><\/h2>\n\n\n\n<blockquote class=\"wp-block-quote is-layout-flow wp-block-quote-is-layout-flow\"><p>Deutsche Zusammenfassung: <strong>C-MobILE<\/strong> ist ein EU H2020 Projekt, dass die Einf\u00fchrung von C-ITS in Europa vorantreiben soll. Hierzu werden in 8 Testst\u00e4dten C-ITS Anwendungen demonstriert und so umgesetzt, dass sie auch nach Projektende lauff\u00e4hig sind.&nbsp;<\/p><\/blockquote>\n\n\n\n<p><strong>C-MobILE<\/strong> (Beschleunigung der Innovation und des Einsatzes von C-ITS-Mobilit\u00e4t in Europa) setzt C-ITS-Dienste ein, die sich mit spezifischen Mobilit\u00e4tsherausforderungen in ganz Europa befassen. Das Projekt zielt auch darauf ab, die lokalen Beh\u00f6rden bei der Einf\u00fchrung der von ihnen ben\u00f6tigten C-ITS-Dienste zu unterst\u00fctzen und das Bewusstsein f\u00fcr die potenziellen Vorteile f\u00fcr alle Verkehrsteilnehmer zu sch\u00e4rfen.<\/p>\n\n\n\n<p><br>Insgesamt sind acht mit C-ITS ausgestattete St\u00e4dte und Regionen an dem Projekt beteiligt, die alle in der Vergangenheit als Forschungspilotstandorte f\u00fcr die gro\u00df angelegte Einf\u00fchrung nachhaltiger Dienste gedient haben. Dieser gemeinsame Ansatz stellt sicher, dass die Interoperabilit\u00e4t und die nahtlose Verf\u00fcgbarkeit der Dienste vorrangig und zu akzeptablen Kosten f\u00fcr die Endbenutzer gew\u00e4hrleistet sind.<\/p>\n\n\n\n<p><br><strong>C-MobILE<\/strong> arbeitet mit \u00f6ffentlichen und privaten Akteuren, einschlie\u00dflich der Endnutzer, zusammen, um die C-ITS-Dienste zu verbessern und funktionierende Partnerschaften \u00fcber das Projekt hinaus aufzubauen. Au\u00dferdem f\u00fchrt es Kosten-Nutzen-Analysen durch und entwickelt Gesch\u00e4ftsmodelle, insbesondere aus der Sicht der Endnutzer, um sicherzustellen, dass die C-ITS-Dienste ihre Arbeit korrekt ausf\u00fchren.<\/p>\n\n\n\n<figure class=\"wp-block-embed is-type-video is-provider-youtube wp-block-embed-youtube wp-embed-aspect-16-9 wp-has-aspect-ratio\"><div class=\"wp-block-embed__wrapper\">\n<iframe loading=\"lazy\" title=\"C-MobILE Project Final Video\" width=\"750\" height=\"422\" src=\"https:\/\/www.youtube.com\/embed\/hw1KGNJlcFk?feature=oembed\" frameborder=\"0\" allow=\"accelerometer; autoplay; clipboard-write; encrypted-media; gyroscope; picture-in-picture\" allowfullscreen><\/iframe>\n<\/div><figcaption>https:\/\/c-mobile-project.eu\/<\/figcaption><\/figure>\n\n\n\n<p><strong>Die Hauptziele von C-MobILE sind:<\/strong><\/p>\n\n\n\n<ul class=\"wp-block-list\"><li>Den Stra\u00dfenverkehr verbessern, ihn sicherer, effizienter und nachhaltiger machen<\/li><li> Demonstration vollst\u00e4ndig integrierter C-ITS-Technologien unter realen Bedingungen<\/li><li> Demonstration des Mehrwerts und der Wirtschaftlichkeit von C-ITS-Diensten f\u00fcr die Nutzer<\/li><li> Absch\u00e4tzung und Bewertung der Auswirkungen auf die Akzeptanz und Sicherheit der Nutzer.<\/li><\/ul>\n\n\n\n<p><strong>C-MobILE<\/strong> wird C-ITS-L\u00f6sungen in gro\u00dfem Ma\u00dfstab in st\u00e4dtischen und au\u00dferst\u00e4dtischen Umgebungen demonstrieren, indem C-ITS-Dienste und Dienstb\u00fcndel f\u00fcr verschiedene Endnutzergruppen, einschlie\u00dflich gef\u00e4hrdeter Verkehrsteilnehmer (VRUs), \u00fcber verschiedene Verkehrstr\u00e4ger hinweg bereitgestellt werden.<\/p>\n\n\n\n<p><br>Es wird sich mit realen Mobilit\u00e4tsproblemen befassen und Business Cases auf der Grundlage von Nachhaltigkeitskriterien entwickeln. Dies wird durch die \u00d6ffnung bestehender ITS-f\u00e4higer St\u00e4dte \u00fcber eine hybride Kommunikationsarchitektur (d.h. durch die Integration der derzeitigen C-ITS-Technologie mit der Mobilfunktechnologie) und durch die Bereitstellung von C-ITS-Diensten und -Anwendungen auf nahtlose, ununterbrochene, verkehrstr\u00e4ger\u00fcbergreifende und grenz\u00fcberschreitende Weise erreicht.<\/p>\n\n\n\n<p>Die <strong>C-MobILE<\/strong>-Architektur wird:<\/p>\n\n\n\n<ul class=\"wp-block-list\"><li>L\u00f6sen der gemeinsamen Herausforderungen einer sicheren, privaten und zuverl\u00e4ssigen Kommunikation f\u00fcr C-ITS<\/li><li>Bereitstellung eines standardisierten Mechanismus f\u00fcr die gro\u00df angelegte Durchf\u00fchrung von Diensten f\u00fcr C-ITS-Anwendungen<\/li><li>Gew\u00e4hrleistung der Kompatibilit\u00e4t zwischen bestehenden Pilotstandorten und als Basis f\u00fcr die Aufnahme an neuen Standorten<\/li><\/ul>\n\n\n\n<p>Die Technologie allein reicht jedoch nicht aus, um einen nachhaltigen Einsatz von C-ITS zu gew\u00e4hrleisten. Daher wird <strong>C-MobILE<\/strong> mit Partnern von Interessengruppen zusammenarbeiten, um einen nachhaltigen Betrieb zu schaffen, wie z.B. Stra\u00dfenbetreiber (z.B. Beh\u00f6rden, Autobahnbeh\u00f6rden), Dienstleistungsanbieter (z.B. \u00d6PNV-Betreiber) und Vertreter f\u00fcr die Nutzer (einschlie\u00dflich VRUs), um eine funktionierende Gemeinschaft in und um die engagierten Gemeinden rund um jeden Pilotstandort zu etablieren.<\/p>\n\n\n\n<p>FGVT ist ein Kernpartner von C-MobILE und verantwortlich f\u00fcr die Architekturdefinition und die Anpassung der Pilotstandorte. <br> Weitere Informationen finden Sie auf der <a href=\"http:\/\/c-mobile-project.eu\/\">Projekt Webseite<\/a>.<\/p>\n\n\n\n<h3 class=\"wp-block-heading\">Projektlaufzeit<\/h3>\n\n\n\n<p>01.06.2017 bis 31.05.2021<\/p>\n\n\n\n<h3 class=\"wp-block-heading\">Finanziert durch<\/h3>\n\n\n\n<div class=\"wp-block-image\"><figure class=\"alignright size-large is-resized\"><img loading=\"lazy\" decoding=\"async\" src=\"https:\/\/fgvt.htwsaar.de\/site\/wp-content\/uploads\/2019\/08\/eu_flag_de.jpg\" alt=\"EU Logo\" class=\"wp-image-493\" width=\"186\" height=\"124\" srcset=\"https:\/\/fgvt.htwsaar.de\/site\/wp-content\/uploads\/2019\/08\/eu_flag_de.jpg 600w, https:\/\/fgvt.htwsaar.de\/site\/wp-content\/uploads\/2019\/08\/eu_flag_de-300x201.jpg 300w, https:\/\/fgvt.htwsaar.de\/site\/wp-content\/uploads\/2019\/08\/eu_flag_de-360x240.jpg 360w\" sizes=\"auto, (max-width: 186px) 100vw, 186px\" \/><\/figure><\/div>\n\n\n\n<p>Dieses Projekt wurde vom Forschungs- und Innovationsprogramm &#8222;Horizont 2020&#8220; der Europ\u00e4ischen Union unter der F\u00f6rderungsnummer 723311 finanziert.<\/p>\n","protected":false},"excerpt":{"rendered":"<p>C-MobILE &#8211;&nbsp; Beschleunigung der Innovation und des Einsatzes von C-ITS-Mobilit\u00e4t in Europa Deutsche Zusammenfassung: C-MobILE ist ein EU H2020 Projekt, dass die Einf\u00fchrung von C-ITS in Europa vorantreiben soll. Hierzu werden in 8 Testst\u00e4dten C-ITS Anwendungen demonstriert und so umgesetzt, dass sie auch nach Projektende lauff\u00e4hig sind.&nbsp; C-MobILE (Beschleunigung der [&hellip;]<\/p>\n","protected":false},"author":2,"featured_media":0,"parent":0,"menu_order":0,"comment_status":"closed","ping_status":"closed","template":"","meta":{"footnotes":""},"class_list":["post-196","page","type-page","status-publish","hentry"],"_links":{"self":[{"href":"https:\/\/fgvt.htwsaar.de\/site\/wp-json\/wp\/v2\/pages\/196","targetHints":{"allow":["GET"]}}],"collection":[{"href":"https:\/\/fgvt.htwsaar.de\/site\/wp-json\/wp\/v2\/pages"}],"about":[{"href":"https:\/\/fgvt.htwsaar.de\/site\/wp-json\/wp\/v2\/types\/page"}],"author":[{"embeddable":true,"href":"https:\/\/fgvt.htwsaar.de\/site\/wp-json\/wp\/v2\/users\/2"}],"replies":[{"embeddable":true,"href":"https:\/\/fgvt.htwsaar.de\/site\/wp-json\/wp\/v2\/comments?post=196"}],"version-history":[{"count":11,"href":"https:\/\/fgvt.htwsaar.de\/site\/wp-json\/wp\/v2\/pages\/196\/revisions"}],"predecessor-version":[{"id":2183,"href":"https:\/\/fgvt.htwsaar.de\/site\/wp-json\/wp\/v2\/pages\/196\/revisions\/2183"}],"wp:attachment":[{"href":"https:\/\/fgvt.htwsaar.de\/site\/wp-json\/wp\/v2\/media?parent=196"}],"curies":[{"name":"wp","href":"https:\/\/api.w.org\/{rel}","templated":true}]}}