{"id":194,"date":"2019-07-08T08:56:09","date_gmt":"2019-07-08T06:56:09","guid":{"rendered":"https:\/\/fgvt.htwsaar.de\/site\/?page_id=194"},"modified":"2020-03-03T14:38:18","modified_gmt":"2020-03-03T13:38:18","slug":"kosmos-2017-2020","status":"publish","type":"page","link":"https:\/\/fgvt.htwsaar.de\/site\/kosmos-2017-2020\/","title":{"rendered":"KoSMoS (2017-2020)"},"content":{"rendered":"\n<div class=\"wp-block-image\"><figure class=\"aligncenter is-resized\"><img loading=\"lazy\" decoding=\"async\" src=\"https:\/\/fgvt.htwsaar.de\/site\/wp-content\/uploads\/2019\/08\/Logo_neu-1.png\" alt=\"KoSMoS-Logo_de\" class=\"wp-image-367\" width=\"450\" height=\"199\" srcset=\"https:\/\/fgvt.htwsaar.de\/site\/wp-content\/uploads\/2019\/08\/Logo_neu-1.png 693w, https:\/\/fgvt.htwsaar.de\/site\/wp-content\/uploads\/2019\/08\/Logo_neu-1-300x133.png 300w\" sizes=\"auto, (max-width: 450px) 100vw, 450px\" \/><\/figure><\/div>\n\n\n\n<p><strong>Motivation<\/strong><\/p>\n\n\n\n<p>Der Automobilsektor steht weltweit vor einem tiefgreifenden Wandel. Mobilit\u00e4t muss neu gedacht werden, um globalen und gesellschaftlichen Herausforderungen wie Klimaschutz oder demografischem Wandel gerecht zu werden. Gleichzeitig bietet diese Transformation die Chance, Verkehr zuk\u00fcnftig optimal bedarfsgerecht, sozial fair und nachhaltig zu gestalten. \u00a0Die Werkzeuge hierf\u00fcr sind neue Mobilit\u00e4tskonzepte, technologischer Fortschritt und eine zunehmende Digitalisierung der Lebensumwelten. Wie die j\u00fcngst ver\u00f6ffentliche Studie \u201e<a href=\"https:\/\/www.scheer-group.com\/smart-mobility-chancen-und-herausforderungen\/?utm_source=Smart+Mobility+Studie&amp;utm_campaign=f4a89bea0d-Smart-Mobility&amp;utm_medium=email&amp;utm_term=0_aec0781645-f4a89bea0d-122348801\">Smart Mobility f\u00fcr das Saarland<\/a>\u201c\u00a0zeigt, stellen diese Ver\u00e4nderungen Menschen, Kommunen und Unternehmen der traditionellen Automobilgro\u00dfregion Saarland vor besondere Aufgaben, bieten aber gleichsam \u00f6konomische wie \u00f6kologische (Wertsch\u00f6pfungs-)Potenziale f\u00fcr die Region.<\/p>\n\n\n\n<p>Mit der Etablierung des Testfelds f\u00fcr kooperativ-vernetzte Systeme, neuro-kognitiver Fahraufmerksamkeitserfassung und automatisiertes Fahren in Merzig wurden von der htw saar erste Schritte in Richtung Modellregion f\u00fcr digital-vernetztes Fahren unternommen. Die dort gewonnenen Erkenntnisse und Erfahrungen sollen nun in andere Regionen, in Stadt und Land, \u00fcbertragen und f\u00fcr die Menschen nutzbar gemacht werden. Dies hat neben einer techno\u00f6konomischen, auch eine bedeutende politische und gesellschaftspsychologische Dimension.<\/p>\n\n\n\n<p>Vergangene Projekte haben gezeigt, dass eine ganzheitliche Betrachtung des Umfeldes sinnvoll ist. Gerade im Bereich der Mobilit\u00e4t sind regionale Besonderheiten und Spezialf\u00e4lle \u00fcblich. Dies ist sowohl f\u00fcr die Art der verkehrlichen Probleme als auch deren L\u00f6sung zutreffend. Um daher sicher zu stellen, dass umzusetzende L\u00f6sungen in der entsprechenden Zielregion sinnvoll sind, m\u00fcssen neben dem verkehrlichen Umfeld auch die Beteiligten, sogenannten Stakeholder, betrachtet werden. Sie sind es schlussendlich, die ausgew\u00e4hlte L\u00f6sungen umsetzen m\u00fcssen. F\u00fcr die Umsetzung einer L\u00f6sung selbst ist weiterhin eine Betrachtung der Business Cases im Kontext dieser Stakeholder sinnvoll. Es ist f\u00fcr die Struktur der Region, ganz zu schweigen von der Akzeptanz einer L\u00f6sung, h\u00e4ufig sinnvoll, sicherzustellen, dass m\u00f6glichst viele der ben\u00f6tigten Aufgaben einer L\u00f6sung durch regionale Unternehmen erfolgen k\u00f6nnen. Die Betrachtung der Business Cases stellt gleicherma\u00dfen sicher, dass die L\u00f6sungen generell \u00f6konomisch tragf\u00e4hig und umsetzbar sind. Allzu oft scheitern erforschte Ma\u00dfnahmen an mangelnder Umsetzbarkeit, etwa, weil sich kein Gesch\u00e4ftsmodell zur Finanzierung notwendiger Investitionen finden l\u00e4sst oder die Bev\u00f6lkerung der Technologie gegen\u00fcber skeptisch eingestellt ist (vgl. Elektromobilit\u00e4t). Hier muss beispielsweise die Technologieakzeptanz gegen\u00fcber automatischen Fahren betrachtet und modelliert werden.<\/p>\n\n\n\n<p>Die Interaktionen des Testfelds mit seiner Umwelt sind mehrdimensional. So gilt es einerseits zu kl\u00e4ren, welche Anforderungen die B\u00fcrger an die neue Technologie stellen, um diese im Alltag akzeptieren und nutzen zu k\u00f6nnen. Andererseits muss gekl\u00e4rt werden, welche Stakeholder der Kommunikations-, Infrastruktur-, IT- und Autobranche, aber auch der \u00f6ffentlichen Hand, k\u00fcnftig welche Rollen \u00fcbernehmen k\u00f6nnen und wollen. Welche Wertsch\u00f6pfungspotenziale bietet dies f\u00fcr das Saarland als potentielle Kompetenzregion? Welche Synergien und Cross-Innovationen sind m\u00f6glich?<\/p>\n\n\n\n<p>Mit seiner <a href=\"http:\/\/www.saarland.de\/dokumente\/thema_wissenschaft\/Innovationsstrategie__Saarland_2023_deutsch.pdf\">Innovationsstrategie 2016-2023<\/a> hat das Saarland die Grundlage daf\u00fcr geschaffen, die Region zukunftsf\u00e4hig zu machen. <strong>KoSMoS (Kompetenzregion Smart Mobility Saar)<\/strong> liefert hierzu einen bedeutenden praktischen Beitrag, indem ein neues Kompetenznetz zwischen Wissenschaft und Wirtschaft sowie IKT und Automotive entsteht. Kooperation und Integration neuer Themenfelder muss auch in der Mobilit\u00e4t ankommen. Davon profitiert schlie\u00dflich die vorhandene Spitzenforschung, gro\u00dfe Arbeitgeber der Industrie, genauso wie kleine und mittlere Unternehmen.&nbsp;<\/p>\n\n\n\n<p><strong>Ziel des Vorhabens<\/strong><\/p>\n\n\n\n<p>Das Gesamtziel des Vorhabens ist es holistisch und Disziplinen \u00fcbergreifend zu erforschen welche sozio\u00f6konomischen Implikationen die Digitalisierung der Mobilit\u00e4t im regionalen Kontext hat. Der explorative Ansatz von KoSMoS sucht hierf\u00fcr nach \u00fcbertragbaren Erkenntnissen in den bisher weitgehend unbearbeiteten Wissenschaftsfelder des wirtschaftlichen Potenzials, der Technologieakzeptanz und Interaktionseffekten der Smart Mobility. Im Ergebnis liegt u.a. ein <strong>Kompetenzatlas Smart Mobility<\/strong> vor, der Impulse setzt.<\/p>\n\n\n\n<figure class=\"wp-block-gallery aligncenter columns-1 is-cropped wp-block-gallery-1 is-layout-flex wp-block-gallery-is-layout-flex\"><ul class=\"blocks-gallery-grid\"><li class=\"blocks-gallery-item\"><figure><img loading=\"lazy\" decoding=\"async\" width=\"1024\" height=\"575\" src=\"https:\/\/fgvt.htwsaar.de\/site\/wp-content\/uploads\/2020\/03\/Abstract-1024x575.jpg\" alt=\"\" data-id=\"1219\" data-full-url=\"https:\/\/fgvt.htwsaar.de\/site\/wp-content\/uploads\/2020\/03\/Abstract-scaled.jpg\" data-link=\"https:\/\/fgvt.htwsaar.de\/site\/kosmos-2017-2020\/abstract\/\" class=\"wp-image-1219\" srcset=\"https:\/\/fgvt.htwsaar.de\/site\/wp-content\/uploads\/2020\/03\/Abstract-1024x575.jpg 1024w, https:\/\/fgvt.htwsaar.de\/site\/wp-content\/uploads\/2020\/03\/Abstract-300x168.jpg 300w, https:\/\/fgvt.htwsaar.de\/site\/wp-content\/uploads\/2020\/03\/Abstract-768x431.jpg 768w, https:\/\/fgvt.htwsaar.de\/site\/wp-content\/uploads\/2020\/03\/Abstract-1536x862.jpg 1536w, https:\/\/fgvt.htwsaar.de\/site\/wp-content\/uploads\/2020\/03\/Abstract-2048x1150.jpg 2048w\" sizes=\"auto, (max-width: 1024px) 100vw, 1024px\" \/><\/figure><\/li><\/ul><\/figure>\n\n\n\n<p>Mithilfe eines thematisch angewandten Forschungsdesign wird intelligente Mobilit\u00e4t im Wirtschaftsraum definiert, quantitativ wie qualitativ betrachtet und best practices identifiziert. Welche Akteure nehmen welche Rolle am Markt ein? Wie und wo interagieren Stakeholder miteinander? Warum k\u00f6nnte es bisher an sinnvollen Kooperationen fehlen?<\/p>\n\n\n\n<p>Auch um diese Forschungsfragen zu kl\u00e4ren, wird KoSMoS Wertsch\u00f6pfungspotenziale berechnen und gemeinsam mit Verfahren wie SWOT- und Zielkonfliktanalysen eine Argumentationsgrundlage f\u00fcr konkrete Handlungsempfehlungen und Zukunftsszenarien der Smart Mobility im Saarland liefern. Es entsteht ein thematisch-regionales Profil hinsichtlich Wirtschaft, Bildung und Politik. Mittels Experteninterviews und B\u00fcrgerdialogen werden Fragen von Anforderung an und Akzeptanz gegen\u00fcber der neuen Mobilit\u00e4t erfasst und analysiert. Die Ergebnisse der notwendigen Analysen werden aufbereitet und beispielsweise in Form von Karten und eines Gesch\u00e4ftsmodellradars visualisiert. Die Publikation erfolgt als teil-interaktiver Online-Kompetenzatlas, als frei zug\u00e4ngliche Studie und auf einschl\u00e4gigen Fachkonferenzen (z.B. ITS World Congress). Als Grundlage der forschungsseitigen Datenexploration stehen KoSMoS die Datenbanken der IHK Saarland und des Automotive Clusters Saarland kostenfrei zur Verf\u00fcgung.<\/p>\n\n\n\n<p>Hier wird demn\u00e4chst der <strong>Internetlink<\/strong> f\u00fcr die Online-Version des Kompetenzatlas&#8216; der Region stehen:&nbsp;<a href=\"https:\/\/kosmos-project.eu\/\">https:\/\/kosmos-project.eu\/<\/a><\/p>\n\n\n\n<p><strong>Deliverables:<\/strong><\/p>\n\n\n\n<ul class=\"wp-block-list\"><li>Deliverable D1 &#8211;&nbsp;Smart Mobility Use Cases und das Saarland:&nbsp;<a href=\"https:\/\/fgvt.htwsaar.de\/site\/wp-content\/uploads\/2020\/03\/Deliverable_D1.pdf\" target=\"_blank\" rel=\"noreferrer noopener\" aria-label=\" (\u00f6ffnet in neuem Tab)\">Download<\/a><\/li><\/ul>\n\n\n\n<hr class=\"wp-block-separator\"\/>\n\n\n\n<p><strong>Projektlaufzeit<br><\/strong>01.07.2017 bis 30.06.2020 (36 Monate)<\/p>\n\n\n\n<p>gef\u00f6rdert von:<\/p>\n\n\n\n<figure class=\"wp-block-gallery columns-2 wp-block-gallery-2 is-layout-flex wp-block-gallery-is-layout-flex\"><ul class=\"blocks-gallery-grid\"><li class=\"blocks-gallery-item\"><figure><img loading=\"lazy\" decoding=\"async\" width=\"242\" height=\"75\" src=\"https:\/\/fgvt.htwsaar.de\/site\/wp-content\/uploads\/2020\/03\/efre.jpg\" alt=\"\" data-id=\"1211\" data-full-url=\"https:\/\/fgvt.htwsaar.de\/site\/wp-content\/uploads\/2020\/03\/efre.jpg\" data-link=\"https:\/\/fgvt.htwsaar.de\/site\/empower-2019-2021\/efre-2\/\" class=\"wp-image-1211\"\/><\/figure><\/li><li class=\"blocks-gallery-item\"><figure><img loading=\"lazy\" decoding=\"async\" width=\"1024\" height=\"414\" src=\"https:\/\/fgvt.htwsaar.de\/site\/wp-content\/uploads\/2020\/03\/Saar_MZ_HO_std_3C-1024x414.jpg\" alt=\"\" data-id=\"1212\" data-full-url=\"https:\/\/fgvt.htwsaar.de\/site\/wp-content\/uploads\/2020\/03\/Saar_MZ_HO_std_3C.jpg\" data-link=\"https:\/\/fgvt.htwsaar.de\/site\/empower-2019-2021\/saar_logo_min_std_rgb_v01-2\/\" class=\"wp-image-1212\" srcset=\"https:\/\/fgvt.htwsaar.de\/site\/wp-content\/uploads\/2020\/03\/Saar_MZ_HO_std_3C-1024x414.jpg 1024w, https:\/\/fgvt.htwsaar.de\/site\/wp-content\/uploads\/2020\/03\/Saar_MZ_HO_std_3C-300x121.jpg 300w, https:\/\/fgvt.htwsaar.de\/site\/wp-content\/uploads\/2020\/03\/Saar_MZ_HO_std_3C-768x311.jpg 768w, https:\/\/fgvt.htwsaar.de\/site\/wp-content\/uploads\/2020\/03\/Saar_MZ_HO_std_3C.jpg 1313w\" sizes=\"auto, (max-width: 1024px) 100vw, 1024px\" \/><\/figure><\/li><\/ul><\/figure>\n","protected":false},"excerpt":{"rendered":"<p>Motivation Der Automobilsektor steht weltweit vor einem tiefgreifenden Wandel. Mobilit\u00e4t muss neu gedacht werden, um globalen und gesellschaftlichen Herausforderungen wie Klimaschutz oder demografischem Wandel gerecht zu werden. Gleichzeitig bietet diese Transformation die Chance, Verkehr zuk\u00fcnftig optimal bedarfsgerecht, sozial fair und nachhaltig zu gestalten. \u00a0Die Werkzeuge hierf\u00fcr sind neue Mobilit\u00e4tskonzepte, technologischer [&hellip;]<\/p>\n","protected":false},"author":2,"featured_media":0,"parent":0,"menu_order":0,"comment_status":"closed","ping_status":"closed","template":"","meta":{"footnotes":""},"class_list":["post-194","page","type-page","status-publish","hentry"],"_links":{"self":[{"href":"https:\/\/fgvt.htwsaar.de\/site\/wp-json\/wp\/v2\/pages\/194","targetHints":{"allow":["GET"]}}],"collection":[{"href":"https:\/\/fgvt.htwsaar.de\/site\/wp-json\/wp\/v2\/pages"}],"about":[{"href":"https:\/\/fgvt.htwsaar.de\/site\/wp-json\/wp\/v2\/types\/page"}],"author":[{"embeddable":true,"href":"https:\/\/fgvt.htwsaar.de\/site\/wp-json\/wp\/v2\/users\/2"}],"replies":[{"embeddable":true,"href":"https:\/\/fgvt.htwsaar.de\/site\/wp-json\/wp\/v2\/comments?post=194"}],"version-history":[{"count":7,"href":"https:\/\/fgvt.htwsaar.de\/site\/wp-json\/wp\/v2\/pages\/194\/revisions"}],"predecessor-version":[{"id":1300,"href":"https:\/\/fgvt.htwsaar.de\/site\/wp-json\/wp\/v2\/pages\/194\/revisions\/1300"}],"wp:attachment":[{"href":"https:\/\/fgvt.htwsaar.de\/site\/wp-json\/wp\/v2\/media?parent=194"}],"curies":[{"name":"wp","href":"https:\/\/api.w.org\/{rel}","templated":true}]}}

<div class="wp-block-image"><figure class="aligncenter is-resized"><img loading="lazy" decoding="async" src="https://fgvt.htwsaar.de/site/wp-content/uploads/2019/08/Logo_neu-1.png" alt="KoSMoS-Logo_de" class="wp-image-367" width="450" height="199" srcset="https://fgvt.htwsaar.de/site/wp-content/uploads/2019/08/Logo_neu-1.png 693w, https://fgvt.htwsaar.de/site/wp-content/uploads/2019/08/Logo_neu-1-300x133.png 300w" sizes="auto, (max-width: 450px) 100vw, 450px" /></figure></div>



<p><strong>Motivation</strong></p>



<p>Der Automobilsektor steht weltweit vor einem tiefgreifenden Wandel. Mobilität muss neu gedacht werden, um globalen und gesellschaftlichen Herausforderungen wie Klimaschutz oder demografischem Wandel gerecht zu werden. Gleichzeitig bietet diese Transformation die Chance, Verkehr zukünftig optimal bedarfsgerecht, sozial fair und nachhaltig zu gestalten.  Die Werkzeuge hierfür sind neue Mobilitätskonzepte, technologischer Fortschritt und eine zunehmende Digitalisierung der Lebensumwelten. Wie die jüngst veröffentliche Studie „<a href="https://www.scheer-group.com/smart-mobility-chancen-und-herausforderungen/?utm_source=Smart+Mobility+Studie&amp;utm_campaign=f4a89bea0d-Smart-Mobility&amp;utm_medium=email&amp;utm_term=0_aec0781645-f4a89bea0d-122348801">Smart Mobility für das Saarland</a>“ zeigt, stellen diese Veränderungen Menschen, Kommunen und Unternehmen der traditionellen Automobilgroßregion Saarland vor besondere Aufgaben, bieten aber gleichsam ökonomische wie ökologische (Wertschöpfungs-)Potenziale für die Region.</p>



<p>Mit der Etablierung des Testfelds für kooperativ-vernetzte Systeme, neuro-kognitiver Fahraufmerksamkeitserfassung und automatisiertes Fahren in Merzig wurden von der htw saar erste Schritte in Richtung Modellregion für digital-vernetztes Fahren unternommen. Die dort gewonnenen Erkenntnisse und Erfahrungen sollen nun in andere Regionen, in Stadt und Land, übertragen und für die Menschen nutzbar gemacht werden. Dies hat neben einer technoökonomischen, auch eine bedeutende politische und gesellschaftspsychologische Dimension.</p>



<p>Vergangene Projekte haben gezeigt, dass eine ganzheitliche Betrachtung des Umfeldes sinnvoll ist. Gerade im Bereich der Mobilität sind regionale Besonderheiten und Spezialfälle üblich. Dies ist sowohl für die Art der verkehrlichen Probleme als auch deren Lösung zutreffend. Um daher sicher zu stellen, dass umzusetzende Lösungen in der entsprechenden Zielregion sinnvoll sind, müssen neben dem verkehrlichen Umfeld auch die Beteiligten, sogenannten Stakeholder, betrachtet werden. Sie sind es schlussendlich, die ausgewählte Lösungen umsetzen müssen. Für die Umsetzung einer Lösung selbst ist weiterhin eine Betrachtung der Business Cases im Kontext dieser Stakeholder sinnvoll. Es ist für die Struktur der Region, ganz zu schweigen von der Akzeptanz einer Lösung, häufig sinnvoll, sicherzustellen, dass möglichst viele der benötigten Aufgaben einer Lösung durch regionale Unternehmen erfolgen können. Die Betrachtung der Business Cases stellt gleichermaßen sicher, dass die Lösungen generell ökonomisch tragfähig und umsetzbar sind. Allzu oft scheitern erforschte Maßnahmen an mangelnder Umsetzbarkeit, etwa, weil sich kein Geschäftsmodell zur Finanzierung notwendiger Investitionen finden lässt oder die Bevölkerung der Technologie gegenüber skeptisch eingestellt ist (vgl. Elektromobilität). Hier muss beispielsweise die Technologieakzeptanz gegenüber automatischen Fahren betrachtet und modelliert werden.</p>



<p>Die Interaktionen des Testfelds mit seiner Umwelt sind mehrdimensional. So gilt es einerseits zu klären, welche Anforderungen die Bürger an die neue Technologie stellen, um diese im Alltag akzeptieren und nutzen zu können. Andererseits muss geklärt werden, welche Stakeholder der Kommunikations-, Infrastruktur-, IT- und Autobranche, aber auch der öffentlichen Hand, künftig welche Rollen übernehmen können und wollen. Welche Wertschöpfungspotenziale bietet dies für das Saarland als potentielle Kompetenzregion? Welche Synergien und Cross-Innovationen sind möglich?</p>



<p>Mit seiner <a href="http://www.saarland.de/dokumente/thema_wissenschaft/Innovationsstrategie__Saarland_2023_deutsch.pdf">Innovationsstrategie 2016-2023</a> hat das Saarland die Grundlage dafür geschaffen, die Region zukunftsfähig zu machen. <strong>KoSMoS (Kompetenzregion Smart Mobility Saar)</strong> liefert hierzu einen bedeutenden praktischen Beitrag, indem ein neues Kompetenznetz zwischen Wissenschaft und Wirtschaft sowie IKT und Automotive entsteht. Kooperation und Integration neuer Themenfelder muss auch in der Mobilität ankommen. Davon profitiert schließlich die vorhandene Spitzenforschung, große Arbeitgeber der Industrie, genauso wie kleine und mittlere Unternehmen.&nbsp;</p>



<p><strong>Ziel des Vorhabens</strong></p>



<p>Das Gesamtziel des Vorhabens ist es holistisch und Disziplinen übergreifend zu erforschen welche sozioökonomischen Implikationen die Digitalisierung der Mobilität im regionalen Kontext hat. Der explorative Ansatz von KoSMoS sucht hierfür nach übertragbaren Erkenntnissen in den bisher weitgehend unbearbeiteten Wissenschaftsfelder des wirtschaftlichen Potenzials, der Technologieakzeptanz und Interaktionseffekten der Smart Mobility. Im Ergebnis liegt u.a. ein <strong>Kompetenzatlas Smart Mobility</strong> vor, der Impulse setzt.</p>



<figure class="wp-block-gallery aligncenter columns-1 is-cropped wp-block-gallery-1 is-layout-flex wp-block-gallery-is-layout-flex"><ul class="blocks-gallery-grid"><li class="blocks-gallery-item"><figure><img loading="lazy" decoding="async" width="1024" height="575" src="https://fgvt.htwsaar.de/site/wp-content/uploads/2020/03/Abstract-1024x575.jpg" alt="" data-id="1219" data-full-url="https://fgvt.htwsaar.de/site/wp-content/uploads/2020/03/Abstract-scaled.jpg" data-link="https://fgvt.htwsaar.de/site/kosmos-2017-2020/abstract/" class="wp-image-1219" srcset="https://fgvt.htwsaar.de/site/wp-content/uploads/2020/03/Abstract-1024x575.jpg 1024w, https://fgvt.htwsaar.de/site/wp-content/uploads/2020/03/Abstract-300x168.jpg 300w, https://fgvt.htwsaar.de/site/wp-content/uploads/2020/03/Abstract-768x431.jpg 768w, https://fgvt.htwsaar.de/site/wp-content/uploads/2020/03/Abstract-1536x862.jpg 1536w, https://fgvt.htwsaar.de/site/wp-content/uploads/2020/03/Abstract-2048x1150.jpg 2048w" sizes="auto, (max-width: 1024px) 100vw, 1024px" /></figure></li></ul></figure>



<p>Mithilfe eines thematisch angewandten Forschungsdesign wird intelligente Mobilität im Wirtschaftsraum definiert, quantitativ wie qualitativ betrachtet und best practices identifiziert. Welche Akteure nehmen welche Rolle am Markt ein? Wie und wo interagieren Stakeholder miteinander? Warum könnte es bisher an sinnvollen Kooperationen fehlen?</p>



<p>Auch um diese Forschungsfragen zu klären, wird KoSMoS Wertschöpfungspotenziale berechnen und gemeinsam mit Verfahren wie SWOT- und Zielkonfliktanalysen eine Argumentationsgrundlage für konkrete Handlungsempfehlungen und Zukunftsszenarien der Smart Mobility im Saarland liefern. Es entsteht ein thematisch-regionales Profil hinsichtlich Wirtschaft, Bildung und Politik. Mittels Experteninterviews und Bürgerdialogen werden Fragen von Anforderung an und Akzeptanz gegenüber der neuen Mobilität erfasst und analysiert. Die Ergebnisse der notwendigen Analysen werden aufbereitet und beispielsweise in Form von Karten und eines Geschäftsmodellradars visualisiert. Die Publikation erfolgt als teil-interaktiver Online-Kompetenzatlas, als frei zugängliche Studie und auf einschlägigen Fachkonferenzen (z.B. ITS World Congress). Als Grundlage der forschungsseitigen Datenexploration stehen KoSMoS die Datenbanken der IHK Saarland und des Automotive Clusters Saarland kostenfrei zur Verfügung.</p>



<p>Hier wird demnächst der <strong>Internetlink</strong> für die Online-Version des Kompetenzatlas&#8216; der Region stehen:&nbsp;<a href="https://kosmos-project.eu/">https://kosmos-project.eu/</a></p>



<p><strong>Deliverables:</strong></p>



<ul class="wp-block-list"><li>Deliverable D1 &#8211;&nbsp;Smart Mobility Use Cases und das Saarland:&nbsp;<a href="https://fgvt.htwsaar.de/site/wp-content/uploads/2020/03/Deliverable_D1.pdf" target="_blank" rel="noreferrer noopener" aria-label=" (öffnet in neuem Tab)">Download</a></li></ul>



<hr class="wp-block-separator"/>



<p><strong>Projektlaufzeit<br></strong>01.07.2017 bis 30.06.2020 (36 Monate)</p>



<p>gefördert von:</p>



<figure class="wp-block-gallery columns-2 wp-block-gallery-2 is-layout-flex wp-block-gallery-is-layout-flex"><ul class="blocks-gallery-grid"><li class="blocks-gallery-item"><figure><img loading="lazy" decoding="async" width="242" height="75" src="https://fgvt.htwsaar.de/site/wp-content/uploads/2020/03/efre.jpg" alt="" data-id="1211" data-full-url="https://fgvt.htwsaar.de/site/wp-content/uploads/2020/03/efre.jpg" data-link="https://fgvt.htwsaar.de/site/empower-2019-2021/efre-2/" class="wp-image-1211"/></figure></li><li class="blocks-gallery-item"><figure><img loading="lazy" decoding="async" width="1024" height="414" src="https://fgvt.htwsaar.de/site/wp-content/uploads/2020/03/Saar_MZ_HO_std_3C-1024x414.jpg" alt="" data-id="1212" data-full-url="https://fgvt.htwsaar.de/site/wp-content/uploads/2020/03/Saar_MZ_HO_std_3C.jpg" data-link="https://fgvt.htwsaar.de/site/empower-2019-2021/saar_logo_min_std_rgb_v01-2/" class="wp-image-1212" srcset="https://fgvt.htwsaar.de/site/wp-content/uploads/2020/03/Saar_MZ_HO_std_3C-1024x414.jpg 1024w, https://fgvt.htwsaar.de/site/wp-content/uploads/2020/03/Saar_MZ_HO_std_3C-300x121.jpg 300w, https://fgvt.htwsaar.de/site/wp-content/uploads/2020/03/Saar_MZ_HO_std_3C-768x311.jpg 768w, https://fgvt.htwsaar.de/site/wp-content/uploads/2020/03/Saar_MZ_HO_std_3C.jpg 1313w" sizes="auto, (max-width: 1024px) 100vw, 1024px" /></figure></li></ul></figure>

<p>Motivation Der Automobilsektor steht weltweit vor einem tiefgreifenden Wandel. Mobilität muss neu gedacht werden, um globalen und gesellschaftlichen Herausforderungen wie Klimaschutz oder demografischem Wandel gerecht zu werden. Gleichzeitig bietet diese Transformation die Chance, Verkehr zukünftig optimal bedarfsgerecht, sozial fair und nachhaltig zu gestalten.  Die Werkzeuge hierfür sind neue Mobilitätskonzepte, technologischer [&hellip;]</p>
